-20625
3403 (base 6) to base 12
563
What is 101044 (base 6) in base 8?
17524
What is -4331 (base 8) in base 14?
-b7b
-5757 (base 8) to base 15
-d8a
What is 220020 (base 4) in base 11?
1a25
-1001212 (base 4) to base 8
-10146
Convert b56e (base 15) to base 3.
1221121112
What is 745 (base 12) in base 13?
638
What is -11a55 (base 11) in base 7?
-101161
What is -5747 (base 8) in base 12?
-191b
Convert -b7f (base 16) to base 9.
-4030
-3327 (base 10) to base 4
-303333
Convert 7cc (base 15) to base 8.
3347
335 (base 16) to base 5
11241
Convert -1404233 (base 5) to base 11.
-1a615
What is 1386 (base 15) in base 11?
3157
What is -6813 (base 9) in base 4?
-1032222
What is 1020123 (base 5) in base 3?
212012102
Convert 20100010 (base 3) to base 13.
2145
-3bcc (base 13) to base 8
-20652
Convert -61 (base 9) to base 3.
-2001
-40003 (base 7) to base 6
-112251
-20c (base 14) to base 12
-298
What is -21331 (base 4) in base 5?
-10022
-31 (base 13) to base 4
-220
What is -120 (base 6) in base 11?
-44
What is -418 (base 10) in base 16?
-1a2
What is 14421 (base 8) in base 3?
22210200
10303 (base 8) to base 5
114131
Convert 1322 (base 4) to base 12.
a2
What is -1a6 (base 14) in base 15?
-17c
-1600 (base 12) to base 13
-1245
What is -3a7b (base 13) in base 15?
-273d
11001 (base 2) to base 12
21
Convert 168 (base 10) to base 8.
250
-c (base 14) to base 12
-10
-b74 (base 13) to base 7
-5461
Convert 734 (base 11) to base 15.
3de
Convert -220100012 (base 3) to base 15.
-53ce
Convert -2734 (base 8) to base 13.
-8b5
Convert 48c (base 15) to base 11.
859
What is -412 (base 10) in base 7?
-1126
What is 20230312 (base 4) in base 11?
24859
What is 3d63 (base 14) in base 4?
2221303
What is 1033203 (base 4) in base 6?
35323
1025 (base 10) to base 5
13100
What is 9428 (base 14) in base 5?
1304031
14520 (base 7) to base 3
12112100
What is 12604 (base 8) in base 2?
1010110000100
What is -13146 (base 8) in base 12?
-339a
What is -14413 (base 6) in base 14?
-bb3
-18a (base 16) to base 14
-202
-104432 (base 7) to base 14
-69c2
What is 13c (base 15) in base 6?
1150
Convert 4b (base 14) to base 8.
103
Convert 1859 (base 10) to base 5.
24414
Convert -95 (base 10) to base 4.
-1133
Convert -18955 (base 10) to base 11.
-13272
What is 303 (base 11) in base 6?
1410
What is 97a (base 14) in base 10?
1872
What is -1120220 (base 3) in base 7?
-3243
What is -1123402 (base 6) in base 15?
-121e8
What is -3122434 (base 5) in base 2?
-1100100110100011
-671 (base 14) to base 9
-1666
-5763 (base 8) to base 16
-bf3
Convert 240 (base 14) to base 10.
448
Convert -1040 (base 8) to base 16.
-220
Convert -2056 (base 8) to base 2.
-10000101110
60091 (base 10) to base 16
eabb
54454 (base 6) to base 16
1d62
-1212120202 (base 3) to base 15
-add5
Convert -2222 (base 3) to base 12.
-68
Convert -1375 (base 14) to base 7.
-13005
Convert 15263 (base 7) to base 8.
10243
Convert -152104 (base 7) to base 9.
-44474
3303 (base 7) to base 10
1179
Convert -2119 (base 11) to base 16.
-af3
2404 (base 9) to base 11
1384
Convert 79e (base 16) to base 7.
5454
What is -b5c1 (base 13) in base 7?
-133244
What is 5bd (base 14) in base 12?
7b7
Convert -2201021022 (base 3) to base 8.
-150246
What is 27404 (base 8) in base 10?
12036
What is 1043 (base 15) in base 3?
11201100
Convert -11144 (base 5) to base 6.
-3411
-112120100 (base 3) to base 16
-297c
3320 (base 7) to base 11
992
Convert 110110011101010 (base 2) to base 3.
1102020200
bb9 (base 16) to base 7
11515
1011110110 (base 2) to base 16
2f6
33c (base 16) to base 5
11303
Convert -1266 (base 8) to base 3.
-221201
-662 (base 7) to base 11
-288
Convert -130122 (base 7) to base 5.
-1232300
255 (base 14) to base 7
1235
What is -10011111 (base 2) in base 7?
-315
Convert 1472 (base 13) to base 11.
2257
What is 65332 (base 9) in base 11?
2a579
Convert 30404 (base 7) to base 9.
11135
-1240332 (base 5) to base 11
-17423
15e8 (base 15) to base 4
1021232
1226 (base 10) to base 13
734
What is 2cc2 (base 15) in base 8?
22640
Convert 18c (base 15) to base 2.
101100101
Convert 3202 (base 4) to base 11.
196
Convert 32 (base 5) to base 6.
25
-1455 (base 6) to base 16
-18b
524 (base 9) to base 7
1150
Convert 124240 (base 6) to base 10.
11328
Convert 2bba (base 16) to base 15.
34b4
Convert 49 (base 13) to base 9.
67
Convert 36 (base 15) to base 7.
102
What is 1100000010010001 (base 2) in base 9?
74554
-4453 (base 8) to base 7
-6562
Convert 6c0 (base 14) to base 6.
10120
-670d (base 15) to base 4
-11111032
What is -110001110011010 (base 2) in base 6?
-314014
What is 3877 (base 9) in base 14?
10b7
-8244 (base 11) to base 3
-120000010
Convert 2146 (base 9) to base 6.
11153
Convert 134 (base 8) to base 5.
332
Convert -6305 (base 8) to base 6.
-23045
What is 20021200 (base 3) in base 16?
11e5
What is -6101 (base 7) in base 15?
-958
What is -595 (base 11) in base 5?
-10314
Convert -2110 (base 7) to base 12.
-51a
Convert -411 (base 5) to base 6.
-254
What is -10102201 (base 3) in base 14?
-cab
What is -10415 (base 7) in base 3?
-10120122
-100111010 (base 2) to base 15
-15e
112000 (base 3) to base 2
101111010
-14301 (base 9) to base 4
-2113321
cce5 (base 15) to base 14
11b71
-15ac (base 16) to base 15
-199d
What is -b2 (base 16) in base 10?
-178
What is 1158 (base 9) in base 5?
11423
What is -121252 (base 7) in base 15?
-6827
Convert -9817 (base 14) to base 13.
-bc6c
Convert -1020 (base 4) to base 14.
-52
201103 (base 4) to base 16
853
What is 1365 (base 12) in base 15?
9e2
What is 15233 (base 7) in base 14?
178a
Convert 376c (base 13) to base 10.
7864
1412 (base 5) to base 14
128
What is 12e9 (base 15) in base 8?
7714
What is 532 (base 9) in base 16?
1b2
1c8 (base 16) to base 11
385
What is -3030 (base 4) in base 10?
-204
13110202 (base 4) to base 3
1112010121
-3576 (base 10) to base 7
-13266
Convert -1310324 (base 5) to base 8.
-62162
Convert 1054 (base 15) to base 12.
1bba
What is -4013043 (base 5) in base 3?
-10020010201
What is 6346 (base 7) in base 15?
9e4
-6b (base 14) to base 4
-1133
Convert -1535 (base 6) to base 5.
-3134
5a1 (base 14) to base 8
2141
-4558 (base 12) to base 2
-1111000010100
Convert 2d30 (base 15) to base 2.
10010111111000
12121 (base 6) to base 3
2102211
What is 4d0 (base 16) in base 4?
103100
-3789 (base 12) to base 13
-2b35
What is 259 (base 16) in base 5?
4401
-741 (base 10) to base 6
-3233
-2133 (base 6) to base 3
-200010
-665 (base 8) to base 10
-437
Convert 12373 (base 8) to base 12.
3137
Convert -d05 (base 14) to base 6.
-15453
What is b44 (base 12) in base 6?
11324
-16a3 (base 12) to base 9
-3646
Convert 301 (base 13) to base 4.
13330
100205 (base 6) to base 5
222403
What is 25510 (base 11) in base 2?
1000111011001001
3486 (base 9) to base 14
d2d
Convert 4142 (base 6) to base 13.
563
-26632 (base 8) to base 4
-2312122
-13650 (base 7) to base 8
-7257
What is 1000011100101010 (base 2) in base 12?
18036
What is -1001110001110 (base 2) in base 6?
-35102
What is -26e1 (base 15) in base 12?
-4987
Convert b2a (base 15) to base 10.
2515
-32631 (base 8) to base 7
-55001
What is a340 (base 15) in base 13?
12909
-121115 (base 6) to base 13
-4aba
Convert 183 (base 14) to base 10.
311
What is 3562 (base 9) in base 5?
41043
Convert -21207 (base 10) to base 7.
-115554
What is -320320 (base 5) in base 4?
-2213112
101 (base 6) to base 5
122
-1076 (base 8) to base 16
-23e
12791 (base 10) to base 11
9679
-32113 (base 4) to base 2
-1110010111
What is 173a (base 15) in base 10?
5005
Convert e6 (base 16) to base 3.
22112
What is -27065 (base 13) in base 9?
-120508
300144 (base 6) to base 15
6de7
-281f (base 16) to base 13
-48a1
-122121012 (base 3) to base 5
-402310
What is a24 (base 11) in base 9?
1623
Convert -2dd (base 14) to base 7.
-1466
-875 (base 10) to base 4
-31223
What is -6428 (base 9) in base 10?
-4724
Convert -4531 (base 8) to base 9.
-3248
What is -3316 (base 12) in base 6?
-42030
What is 149 (base 13) in base 6?
1022
-402 (base 13) to base 14
-366
What is -1110000101100000 (base 2) in base 11?
-3a391
What is 532342 (base 6) in base 15?
cc8e
What is 3c1 (base 15) in base 12?
5b4
5719 (base 10) to base 15
1a64
Convert -1710 (base 8) to base 11.
-800
Convert -56da (base 14) to base 5.
-440323
Convert 2124 (base 7) to base 4.
23301
What is 522 (base 8) in base 15?
178
Convert -278